e remainder when 4260109 is divided by 341.
337
What is the remainder when 727 is divided by 193?
148
What is the remainder when 1965609 is divided by 655203?
0
What is the remainder when 537151 is divided by 2558?
2529
What is the remainder when 2617384 is divided by 51321?
13
What is the remainder when 8877149 is divided by 163?
6
What is the remainder when 28256821 is divided by 631?
10
Calculate the remainder when 103772 is divided by 205.
42
Calculate the remainder when 24186320 is divided by 134.
124
Calculate the remainder when 453704 is divided by 113080.
1384
Calculate the remainder when 1535600 is divided by 2270.
1080
What is the remainder when 6942575 is divided by 29?
4
What is the remainder when 50049525 is divided by 21?
15
Calculate the remainder when 51217407 is divided by 17072463.
18
What is the remainder when 30728917 is divided by 472751?
102
What is the remainder when 153258 is divided by 19129?
226
Calculate the remainder when 3099226 is divided by 40779.
22
What is the remainder when 125096034 is divided by 49?
14
Calculate the remainder when 180444 is divided by 2116.
584
What is the remainder when 665489 is divided by 497?
6
Calculate the remainder when 9150307 is divided by 441.
439
What is the remainder when 1288357 is divided by 644165?
27
Calculate the remainder when 59015 is divided by 108.
47
Calculate the remainder when 75100 is divided by 4991.
235
What is the remainder when 28678 is divided by 13783?
1112
What is the remainder when 8197565 is divided by 1066?
25
Calculate the remainder when 5142 is divided by 1246.
158
Calculate the remainder when 38435748 is divided by 163.
22
What is the remainder when 1104797 is divided by 3974?
25
What is the remainder when 67197 is divided by 1050?
1047
What is the remainder when 224760 is divided by 2848?
2616
What is the remainder when 3594941 is divided by 13?
12
What is the remainder when 240485 is divided by 1730?
15
Calculate the remainder when 55770080 is divided by 93261.
2
What is the remainder when 228888 is divided by 67?
16
What is the remainder when 4513620 is divided by 36?
12
What is the remainder when 89773938 is divided by 292?
290
What is the remainder when 49134 is divided by 35?
29
What is the remainder when 281128 is divided by 74?
2
Calculate the remainder when 16738901 is divided by 5579602.
95
Calculate the remainder when 65546 is divided by 2870.
2406
Calculate the remainder when 24903721 is divided by 1098.
1081
What is the remainder when 38987014 is divided by 12995665?
19
Calculate the remainder when 3113443 is divided by 580.
3
What is the remainder when 167780 is divided by 1363?
131
Calculate the remainder when 3349331 is divided by 383.
379
What is the remainder when 514005 is divided by 111?
75
Calculate the remainder when 595908 is divided by 7205.
5098
Calculate the remainder when 259856 is divided by 31.
14
What is the remainder when 903055 is divided by 1557?
1552
Calculate the remainder when 267395561 is divided by 138.
137
What is the remainder when 4723685 is divided by 1478?
1475
What is the remainder when 160754915 is divided by 214?
41
What is the remainder when 646288 is divided by 29368?
192
Calculate the remainder when 112705685 is divided by 109.
12
Calculate the remainder when 62150194 is divided by 566.
564
What is the remainder when 7343889 is divided by 981?
123
Calculate the remainder when 25810398 is divided by 560.
558
Calculate the remainder when 25569311 is divided by 8523101.
8
Calculate the remainder when 6734280 is divided by 74003.
7
Calculate the remainder when 102320926 is divided by 736.
734
Calculate the remainder when 1438643 is divided by 72.
11
What is the remainder when 295188 is divided by 98385?
33
What is the remainder when 478628 is divided by 95643?
413
What is the remainder when 130622777 is divided by 13?
12
Calculate the remainder when 4601064 is divided by 657286.
62
What is the remainder when 3724642 is divided by 186217?
302
What is the remainder when 268930 is divided by 5158?
714
What is the remainder when 7037961 is divided by 696?
9
Calculate the remainder when 7010827 is divided by 34.
27
What is the remainder when 37852 is divided by 229?
67
Calculate the remainder when 2474146 is divided by 676.
662
What is the remainder when 290971 is divided by 3968?
1307
What is the remainder when 114463 is divided by 5552?
3423
Calculate the remainder when 242136 is divided by 899.
305
What is the remainder when 42440 is divided by 708?
668
What is the remainder when 18631246 is divided by 271?
267
What is the remainder when 28610879 is divided by 120?
119
Calculate the remainder when 13104106 is divided by 111.
1
Calculate the remainder when 3420 is divided by 1130.
30
Calculate the remainder when 3073246 is divided by 1672.
110
Calculate the remainder when 224841 is divided by 715.
331
Calculate the remainder when 40331 is divided by 131.
114
Calculate the remainder when 159068278 is divided by 27.
19
Calculate the remainder when 493427 is divided by 1087.
1016
What is the remainder when 1410519 is divided by 99?
66
Calculate the remainder when 939790 is divided by 78.
46
Calculate the remainder when 634113 is divided by 634101.
12
What is the remainder when 2972873 is divided by 72509?
4
What is the remainder when 105881 is divided by 105585?
296
Calculate the remainder when 374584 is divided by 3325.
2184
What is the remainder when 286818 is divided by 106?
88
What is the remainder when 6355424 is divided by 2118465?
29
Calculate the remainder when 1340536 is divided by 78847.
137
What is the remainder when 154143229 is divided by 51381057?
58
Calculate the remainder when 125745 is divided by 1112.
89
What is the remainder when 302821 is divided by 1283?
33
Calculate the remainder when 577544 is divided by 115499.
49
Calculate the remainder when 26055 is divided by 6303.
843
Calculate the remainder when 131219 is divided by 1642.
1501
What is the remainder when 10463432 is divided by 1494775?
7
Calculate the remainder when 1199560 is divided by 1199454.
106
Calculate the remainder when 6611961 is divided by 2037.
1896
What is the remainder when 194522 is divided by 97194?
134
Calculate the remainder when 2469822 is divided by 15.
12
Calculate the remainder when 1691859 is divided by 133.
99
What is the remainder when 285492 is divided by 107?
16
Calculate the remainder when 19516 is divided by 19207.
309
What is the remainder when 28880170 is divided by 174?
172
Calculate the remainder when 14098850 is divided by 5802.
5792
Calculate the remainder when 148501 is divided by 16494.
55
What is the remainder when 10487417 is divided by 581?
367
Calculate the remainder when 825613 is divided by 137585.
103
What is the remainder when 46466 is divided by 1166?
992
Calculate the remainder when 73384 is divided by 14585.
459
What is the remainder when 18914758 is divided by 120?
118
What is the remainder when 40133612 is divided by 10033385?
72
What is the remainder when 142225096 is divided by 575?
571
Calculate the remainder when 88354 is divided by 333.
109
What is the remainder when 549125 is divided by 8075?
25
What is the remainder when 110356 is divided by 262?
54
Calculate the remainder when 382655 is divided by 62.
53
Calculate the remainder when 313556838 is divided by 5.
3
What is the remainder when 2581152 is divided by 94?
6
Calculate the remainder when 16314421 is divided by 342.
337
Calculate the remainder when 14031431 is divided by 450.
431
Calculate the remainder when 624468 is divided by 69383.
21
Calculate the remainder when 124476 is divided by 24875.
101
What is the remainder when 2485035 is divided by 138?
69
What is the remainder when 757466 is divided by 748?
490
What is the remainder when 498837 is divided by 13856?
21
What is the remainder when 1974531 is divided by 8699?
8557
What is the remainder when 25765664 is divided by 25765581?
83
What is the remainder when 37566 is divided by 2023?
1152
Calculate the remainder when 3018406 is divided by 616.
6
Calculate the remainder when 112603 is divided by 3307.
165
What is the remainder when 116823 is divided by 11682?
3
Calculate the remainder when 7199 is divided by 1328.
559
What is the remainder when 4031121 is divided by 